 w - -183. What are the prime factors of s?
2, 7, 11
Suppose -32*c = -22*c - 70. Suppose 187 - c = 12*p. List the prime factors of p.
3, 5
Let k(g) = -84*g**2 + 7*g - 2. Let b(a) = 85*a**2 - 6*a + 1. Let q be (-102)/85*(-10)/4. Let d(z) = q*k(z) + 4*b(z). What are the prime factors of d(-1)?
89
Let f(x) = x**3 + 12*x**2 + 20*x + 3. Let q be f(-11). List the prime factors of (-9 + q)/((-1)/3).
3, 5, 7
Let p(t) = -t**2 - 3*t + 10. Let h be p(-7). Let i be 12/16 - h/8. Suppose i*l - y = y + 304, 0 = -2*y + 2. List the prime factors of l.
2, 3, 17
Suppose 2*s - 5*r - 1622 - 1097 = 0, -s = -4*r - 1361. Suppose -3*h - 6160 = -5*d, 2*d - 1123 = -2*h + s. What are the prime factors of d?
5, 13, 19
Suppose -3*b + 1783 = 4*c, b - 211 = 4*c + 362. List the prime factors of b/(-38)*(1 - (-1 - -16)).
7, 31
Suppose -18 = -5*h + 7*h. Let t = 4654 - 4599. List the prime factors of 8*(t/4 + (-9 - h)).
2, 5, 11
Suppose 63*g - 2012 = 59*g - 4*a, 3*a - 1013 = -2*g. What are the prime factors of g?
2, 31
Suppose 4*y - 78 = -2*y. Let c be 1/(-4) - ((-97)/4 - -12). Suppose -240 = -y*h + c*h. List the prime factors of h.
2, 3, 5
Suppose -3*j + 232 - 3509 = 4*l, -4*l = -20. Let m = j - -2307. List the prime factors of m.
2, 151
Suppose 0 = 38*j - 31420 + 21153 - 193299. What are the prime factors of j?
11, 487
Let i = 463 + -457. Let d(n) = -n**2 + 6*n + 6. Let q be d(6). Suppose c = -4*s + 36, 2*c = 4*s + q + i. What are the prime factors of c?
2
Suppose 3*v + 4*t - 137 = 1312, -966 = -2*v - 5*t. What are the prime factors of v?
3, 7, 23
Suppose 3*z = 3*m - 5*m + 226, z + 2*m = 82. Suppose 4*h = f + 174, 5*h - 156 = -4*f + z. Let k = h + 46. List the prime factors of k.
2, 3, 5
Let b = 18692 - 7638. What are the prime factors of b?
2, 5527
Let s be (-359067)/(-33) - 2/(-11). Suppose 13*w = s + 1794. What are the prime factors of w?
3, 5, 13
Let m(w) = 5*w**2 + 4*w + 73. Suppose 0 = -4*v + 39 - 75. List the prime factors of m(v).
2, 13, 17
Let p be 0/17*1*-1. Let q be (4 - 4)*(1 - p). Suppose -4*w = -16, n - 102 = -q*n - 5*w. What are the prime factors of n?
2, 41
Suppose 126*j - 1151052 = 84*j. What are the prime factors of j?
2, 71, 193
Suppose -13*o + 2211001 = -2*o + 42*o. What are the prime factors of o?
13, 3209
Suppose o = 1318 + 89 + 5698. What are the prime factors of o?
5, 7, 29
Suppose 3 = -s, -4*q - 5*s = -3*q - 8. Suppose 2*k + 32 = 4*t - t, 0 = -2*t + k + q. Suppose 285 = 15*l - t*l. List the prime factors of l.
3, 5, 19
Let v(d) = 4 - 7*d + 6 - 3 - 4. Let r be v(5). Let o = -24 - r. List the prime factors of o.
2
Suppose 4*y - 57719 = -j, -3*j - 108*y + 104*y = -173205. What are the prime factors of j?
7, 73, 113
Let v(x) = x**3 - 27*x**2 + 31*x + 39. Let b be v(26). Let g = 370 + b. List the prime factors of g.
7, 11
Suppose 3*a + a + 4*c - 8 = 0, 5*c = a - 20. Suppose 0 = -2*h + 3*y - 50, -2*h - 50 = -3*y + a*y. What are the prime factors of (-1232)/(-6) + h/75?
5, 41
Suppose -10*d + 11*d + 59 = 0. Suppose -b = 3*b - 8. Let q = b - d. What are the prime factors of q?
61
Suppose 4*l = -4 + 12, -5*q - 2*l = -9. Let u be (70/(-7))/(q + 0). What are the prime factors of ((-12)/u)/(36/1710)?
3, 19
Let p = 438 + -902. Let x = -121 - p. What are the prime factors of x?
7
Let v(b) = b**2 - 3*b - 44. Let m be v(-5). Let l(q) = 5*q**2 - 5*q + 1. Let p be l(-4). Let h = p + m. List the prime factors of h.
97
Suppose -3*i - 5*o = -85379, -3*o = 215 - 218. List the prime factors of i.
2, 3, 17, 31
Suppose 2*a + p - 7 = 2*p, 5*a = 5*p + 15. Let k(w) = 4*w - 11. Let j be k(a). Suppose -4*f = j*q - 27, 5*q = -f + 2*f + 37. What are the prime factors of q?
7
Suppose -5*s - 5*r + 3335 = -0*s, -4*s = r - 2671. List the prime factors of s.
2, 167
Suppose 5*y - 62*f - 3811 = -61*f, 0 = -2*y + 4*f + 1510. What are the prime factors of y?
7, 109
Let u(t) = -49*t - 9. Let h(l) = -l**2 + 48*l + 11. Let y(s) = -3*h(s) - 2*u(s). List the prime factors of y(22).
5, 17
Let f = -115 + 75. Let h = -44 - f. Let n(a) = -39*a - 39. List the prime factors of n(h).
3, 13
Suppose -304*o + 327*o = 863742. What are the prime factors of o?
2, 3, 11, 569
Let b(p) = -21*p + 53. Let z be b(-9). Let w = 857 - z. What are the prime factors of w?
3, 5, 41
Let v(c) = c**3 - 5*c**2 - 2*c + 1. Let q be v(4). Suppose -55*f + 6222 = 6*f. Let r = q + f. What are the prime factors of r?
79
Let g = 790 - 790. Suppose 2*a - 1300 + 502 = g. What are the prime factors of a?
3, 7, 19
Let s(u) = -u**2 + 2*u + 210. Let p(o) = -12*o - 35. Let c be p(-3). Let a be ((5 + -5)/c)/1. List the prime factors of s(a).
2, 3, 5, 7
Let z(r) be the third derivative of 41*r**5/30 - r**4/12 + r**3/3 + 77*r**2. What are the prime factors of z(-3)?
2, 373
Let n(f) = f**2 + 4 + f**3 + 3*f**3 + 20*f + 27*f - 8*f**2 - 57*f. List the prime factors of n(7).
3, 107
Let i = -20234 + 46395. What are the prime factors of i?
26161
Let b = -61 - -65. Suppose -2*x + 0*l - b*l = -14, -3*x + l + 14 = 0. Suppose -118 = -4*o - 2*j, -2*o + x*j + 84 = j. What are the prime factors of o?
2
List the prime factors of 45104*((-520)/32 - -17).
2, 3, 2819
Let j(s) = 62*s**3 + 147*s**2 - s + 36. What are the prime factors of j(8)?
2, 5, 29, 71
Let z(j) = j**2 - j - 1. Let r(f) = -7*f**2 + 27*f - 25. Let l(a) = r(a) + 6*z(a). Let t = -57 + 74. What are the prime factors of l(t)?
37
Let h(p) = 2*p**2 + p - 9. Let i be h(6). Let r be (i/5)/(20/100). Suppose 4*c = r + 35. What are the prime factors of c?
2, 13
What are the prime factors of 298 - 6/(-15)*25?
2, 7, 11
Let u be (-2)/8 + 3/24*3890. Suppose -2*t + 5*t = -u. Let w = t - -324. List the prime factors of w.
2, 3
List the prime factors of (4 - (-22 + 12)) + 348.
2, 181
Suppose -3*g + 1768 + 7619 = 4*m, -5*m - 30 = 0. List the prime factors of g.
3137
Suppose -2*o + 3*f = -26, -3*o + 2*f + 3*f + 39 = 0. Let y = 1804 - 894. Suppose -y = -z - o*z. List the prime factors of z.
5, 13
Let h = -734 + 3027. What are the prime factors of h?
2293
Let t = -83 + 95. Suppose -v + 3*x = -t, 4*x + 105 = 5*v + 23. Suppose -v*h + 15*h + 435 = 0. What are the prime factors of h?
5, 29
Let z be 3210/21 - 2 - (-5)/35. Suppose z = -r - 6. List the prime factors of (-1)/(-3)*(-6 - r - -2).
3, 17
Suppose -83*m - 4*a + 25444 = -80*m, -5*a = -5. List the prime factors of m.
2, 5, 53
Let o(f) = -f**2 + 18*f + 121. Let i be o(-5). Suppose -d + 1973 = 5*h, 8*d - 6*d - i = 0. List the prime factors of h.
2, 197
Suppose 7*n - 291 = -4*z + 4*n, -2*z = -n - 133. Let t = z + -34. What are the prime factors of t + 1 + -5 + 0 + 2?
3, 11
Let v(w) = -725*w + 759. List the prime factors of v(-11).
2, 11, 397
Let h = 6426 + -4485. What are the prime factors of h?
3, 647
Let j be (-6)/11 + 6/11. Suppose 0 = 2*k + 6 + 2, -5*i + 5*k + 630 = j. List the prime factors of i.
2, 61
Let v(i) = -4 - 6*i + 6 + 20*i**3 + 2*i**2 - 2. Let n be v(3). Suppose 0 = 3*j - 4*a - n, -3*j - 3*a + 555 = -2*a. List the prime factors of j.
2, 23
Let x(u) = u**3 - 26*u**2 - 259*u - 20. List the prime factors of x(39).
2, 19, 127
Let m(n) = 135*n + 5. Let i(w) = 43 + 13 + 1958*w + 0 - 474*w. Let k(q) = -5*i(q) + 56*m(q). List the prime factors of k(1).
2, 5, 7
Suppose 9*u + 14159 = 72821. What are the prime factors of u?
2, 3259
Let y(s) = -s**3 - 25*s**2 - s - 18. Let d be y(-25). Let t(m) = 9*m**2 - 10*m - 24. List the prime factors of t(d).
347
Let v = -12672 - -32293. What are the prime factors of v?
7, 2803
Suppose -3*n + 64 = n. Suppose n*k + 0*k - 2144 = 0. What are the prime factors of k?
2, 67
Let p(s) = 200*s**2 - 9*s - 13. Let q be p(-2). Suppose -q - 227 = -8*t. List the prime factors of t.
3, 43
Let b(m) = 2 - 6 - 329*m - 1 + 9. Let q be b(-1). What are the prime factors of (q/15 + 5/(-25))*1?
2, 11
Let t(q) = 2*q**3 + 36*q - 3*q**3 + 2*q**2 - 35*q. Let a be t(-4). Let k = 188 - a. List the prime factors of k.
2, 3
Let m = -9853 + 23666. List the prime factors of m.
19, 727
Let o(j) = -7*j**2 - 16*j + 14. Let z be o(7). List the prime factors of (4 + 2 - z)/1.
3, 149
Let p(a) = 6451*a**2 + 22*a - 26. List the prime factors of p(1).
3, 7, 307
Suppose -k = k - 18. Let f = k - -2. Suppose 5*h - 361 = -f. What are the prime factors of h?
2, 5, 7
Let r(d) = 5*d - 102. Let f be r(20). What are the prime factors of 1/f*-82 - (-4 + -1)?
2, 23
Suppose -